12 (base 5) to base 3.
21
Convert 4 (base 11) to base 15.
4
Convert -38 (base 10) to base 9.
-42
Convert -1000 (base 2) to base 7.
-11
-1b (base 12) to base 2
-10111
-2 (base 13) to base 14
-2
-3 (base 7) to base 5
-3
6 (base 16) to base 12
6
What is -8 (base 9) in base 6?
-12
What is -1 (base 4) in base 8?
-1
Convert -5 (base 9) to base 13.
-5
-14 (base 7) to base 13
-b
Convert 162 (base 14) to base 16.
11a
-11 (base 13) to base 9
-15
-4 (base 16) to base 7
-4
121 (base 3) to base 15
11
What is 93 (base 14) in base 13?
9c
What is 13 (base 6) in base 7?
12
-3 (base 13) to base 9
-3
What is -12 (base 7) in base 3?
-100
What is 10 (base 2) in base 10?
2
92 (base 11) to base 4
1211
Convert 12 (base 4) to base 8.
6
Convert 107 (base 9) to base 6.
224
Convert 1 (base 8) to base 10.
1
101 (base 5) to base 8
32
What is 5 (base 10) in base 15?
5
10 (base 4) to base 3
11
-10 (base 10) to base 7
-13
2 (base 10) to base 9
2
b (base 16) to base 2
1011
-27 (base 9) to base 2
-11001
101 (base 2) to base 14
5
Convert -16 (base 10) to base 11.
-15
What is -3 (base 6) in base 15?
-3
Convert -5 (base 12) to base 15.
-5
What is 11 (base 10) in base 4?
23
What is 21 (base 4) in base 13?
9
-20 (base 10) to base 5
-40
Convert 0 (base 3) to base 6.
0
6 (base 13) to base 12
6
Convert 45 (base 14) to base 13.
49
Convert -233 (base 4) to base 3.
-1202
Convert -25 (base 15) to base 11.
-32
-19 (base 15) to base 3
-220
-3a (base 13) to base 4
-301
107 (base 10) to base 5
412
Convert 10 (base 4) to base 13.
4
What is 2 (base 5) in base 13?
2
110 (base 2) to base 3
20
What is -9 (base 15) in base 10?
-9
Convert 7b (base 12) to base 11.
87
What is 11 (base 8) in base 3?
100
Convert 1 (base 12) to base 4.
1
What is -22 (base 12) in base 5?
-101
Convert -6 (base 15) to base 2.
-110
-21220 (base 3) to base 11
-184
Convert 514 (base 7) to base 13.
169
What is 11011111 (base 2) in base 13?
142
Convert c (base 13) to base 14.
c
Convert 3 (base 4) to base 3.
10
-2 (base 11) to base 13
-2
-125 (base 7) to base 6
-152
Convert -35 (base 12) to base 6.
-105
-23 (base 5) to base 6
-21
Convert -1 (base 7) to base 9.
-1
Convert -11b (base 14) to base 8.
-335
-516 (base 7) to base 8
-402
28a (base 11) to base 6
1324
5 (base 7) to base 3
12
What is -20 (base 16) in base 12?
-28
Convert -30 (base 7) to base 4.
-111
What is 5 (base 10) in base 9?
5
Convert -101 (base 2) to base 12.
-5
Convert -1 (base 3) to base 12.
-1
What is -2 (base 4) in base 14?
-2
-2 (base 11) to base 2
-10
1001101 (base 2) to base 3
2212
-9 (base 12) to base 16
-9
What is -4a (base 12) in base 4?
-322
0 (base 2) to base 11
0
What is 1312 (base 4) in base 12?
9a
2 (base 13) to base 6
2
90 (base 16) to base 2
10010000
Convert 0 (base 2) to base 15.
0
179 (base 12) to base 7
456
Convert -2 (base 9) to base 12.
-2
Convert 3 (base 8) to base 5.
3
d (base 16) to base 13
10
Convert 4 (base 13) to base 4.
10
1 (base 3) to base 6
1
What is 0 (base 7) in base 16?
0
100 (base 3) to base 8
11
What is -3 (base 15) in base 2?
-11
Convert 10000 (base 2) to base 10.
16
-1 (base 4) to base 13
-1
Convert 4 (base 12) to base 8.
4
Convert 5 (base 16) to base 3.
12
Convert -1 (base 4) to base 10.
-1
What is -110 (base 4) in base 2?
-10100
Convert -403 (base 5) to base 9.
-124
What is 31 (base 8) in base 4?
121
Convert -11 (base 3) to base 8.
-4
What is 5 (base 7) in base 14?
5
244 (base 6) to base 16
64
-5 (base 8) to base 7
-5
Convert -2 (base 12) to base 10.
-2
-11 (base 3) to base 11
-4
What is -121 (base 5) in base 13?
-2a
What is 110 (base 4) in base 8?
24
-17 (base 16) to base 8
-27
Convert -6a (base 13) to base 3.
-10021
What is 5 (base 15) in base 13?
5
Convert -49 (base 11) to base 16.
-35
Convert 2 (base 14) to base 13.
2
What is -11 (base 15) in base 5?
-31
What is -9 (base 13) in base 14?
-9
Convert 4 (base 9) to base 16.
4
Convert -6 (base 13) to base 11.
-6
12 (base 9) to base 13
b
Convert 10 (base 15) to base 5.
30
What is 1033 (base 5) in base 10?
143
Convert 5 (base 16) to base 11.
5
What is 2 (base 12) in base 9?
2
What is 40 (base 15) in base 12?
50
Convert 1011001 (base 2) to base 9.
108
What is 1 (base 12) in base 14?
1
Convert 0 (base 10) to base 2.
0
What is -331 (base 6) in base 8?
-177
4 (base 6) to base 3
11
Convert 1 (base 9) to base 11.
1
21 (base 14) to base 6
45
-47 (base 8) to base 5
-124
Convert 4 (base 14) to base 11.
4
What is -1211 (base 4) in base 9?
-122
What is -b1 (base 15) in base 2?
-10100110
-22 (base 6) to base 10
-14
Convert 175 (base 10) to base 16.
af
What is -5 (base 15) in base 11?
-5
What is -1 (base 5) in base 9?
-1
Convert -3c (base 13) to base 11.
-47
Convert -1 (base 12) to base 9.
-1
-47 (base 16) to base 12
-5b
What is -3 (base 10) in base 15?
-3
2 (base 9) to base 3
2
Convert 166 (base 9) to base 11.
119
61 (base 12) to base 16
49
What is 1010011 (base 2) in base 15?
58
-ac (base 13) to base 15
-97
What is -2212 (base 3) in base 14?
-57
What is 5 (base 15) in base 16?
5
Convert -11 (base 2) to base 5.
-3
241 (base 5) to base 14
51
What is 53 (base 6) in base 11?
30
63 (base 16) to base 5
344
What is -10 (base 10) in base 16?
-a
What is -322 (base 8) in base 15?
-e0
What is 3 (base 4) in base 8?
3
Convert -10 (base 3) to base 13.
-3
What is -5 (base 16) in base 9?
-5
Convert 22 (base 8) to base 2.
10010
73 (base 8) to base 3
2012
What is e (base 16) in base 7?
20
1301 (base 5) to base 16
c9
Convert -4 (base 11) to base 15.
-4
Convert 7 (base 15) to base 5.
12
What is -210 (base 3) in base 2?
-10101
Convert -52 (base 14) to base 8.
-110
What is 1 (base 15) in base 14?
1
What is -2310 (base 4) in base 10?
-180
Convert 141 (base 7) to base 14.
58
-137 (base 10) to base 4
-2021
Convert -21 (base 5) to base 10.
-11
What is -1100101 (base 2) in base 15?
-6b
11 (base 4) to base 2
101
Convert 15 (base 7) to base 14.
c
What is 188 (base 9) in base 11?
137
-11 (base 12) to base 10
-13
What is 4 (base 11) in base 13?
4
Convert -36 (base 9) to base 10.
-33
Convert -225 (base 10) to base 15.
-100
What is 2 (base 13) in base 3?
2
What is 100 (base 7) in base 16?
31
Convert 6 (base 15) to base 7.
6
Convert -30 (base 4) to base 6.
-20
What is 11 (base 7) in base 8?
10
Convert -ca (base 14) to base 3.
-20121
Convert 1111110 (base 2) to base 8.
176
What is 54 (base 15) in base 12?
67
What is 38 (base 13) in base 4?
233
2 (base 8) to base 5
2
Convert 4 (base 8) to base 2.
100
-143 (base 7) to base 10
-80
1 (base 6) to base 5
1
What is 55 (base 10) in base 13?
43
Convert -10 (base 6) to base 8.
-6
What is 18 (base 11) in base 12?
17
10 (base 5) to base 9
5
214 (base 6) to base 10
82
What is 8 (base 15) in base 6?
12
What is -174 (base 8) in base 2?
-1111100
Convert a5 (base 14) to base 8.
221
203 (base 7) to base 16
65
-2112 (base 3) to base 9
-75
What is 21 (base 11) in base 9?
25
Convert 1 (base 10) to base 12.
1
Convert -3 (base 4) to base 2.
-11
-13 (base 5) to base 7
-11
What is -9 (base 15) in base 4?
-21
-32 (base 4) to base 6
-22
What is 71 (base 8) in base 10?
57
Convert -10 (base 6) to base 9.
-6
-223 (base 9) to base 2
-10110111
Convert 10 (base 8) to base 16.
8
Convert 0 (base 10) to base 4.
0
-1 (base 2) to base 12
-1
Convert 3 (base 16) to base 5.
3
Convert -1240 (base 5) to base 15.
-d0
What is -455 (base 7) in base 3?
-22202
Convert -1211 (base 3) to base 16.
-31
10012 (base 3) to base 15
5b
Convert 20 (base 4) to base 6.
12
What is -1 (base 4) in base 8?
-1
5 (base 8) to base 12
5
4 (base 15) to base 12
4
0 (base 9) to base 8
0
What is 6 (base 15) in base 12?
6
Convert 76 (base 10) to base 15.
51
-50 (base 8) to base 13
-31
39 (base 10) to base 8
47
Convert -16 (base 8) to base 9.
-15
21211 (base 3) to base 2
11010011
-36 (base 16) to base 6
-130
-3 (base 12) to base 14
-3
Convert -11220 (base 3) to base 6.
-340
What is 5 (base 6) in base 12?
5
Convert -17 (base 16) to base 6.
-35
1 (base 11) to base 4
1
Convert -20 (base 10) to base 5.
-40
Convert 110 (base 10) to base 3.
11002
-43 (base 8) to base 13
-29
4 (base 15) to base 14
4
Convert -5 (base 15) to base 3.
-12
What is -64 (base 16) in base 4?
-1210
Convert 301 (base 8) to base 2.
11000001
-9d (base 16) to base 3
-12211
What is 1 (base 9) in base 13?
1
Convert -12 (base 5) to base 2.
-111
Convert 15 (base 6) to base 13.
b
What 